8373?
False
Is 695 a factor of 2203940221?
False
Is 47 a factor of 55953676?
False
Is 9906425 a multiple of 5?
True
Is 2414 a factor of 893275303?
False
Does 79 divide 733483137?
False
Does 9640 divide 904058480?
True
Does 1339 divide 382979441?
True
Does 21 divide 34217372?
False
Is 467524844 a multiple of 366?
False
Is 568 a factor of 229538456?
True
Is 41 a factor of 84889229?
True
Is 1557964850 a multiple of 95?
True
Is 344299893 a multiple of 266?
False
Is 6442652 a multiple of 84?
False
Is 49802000 a multiple of 7?
False
Is 26 a factor of 284736790?
True
Is 76 a factor of 37788948?
True
Does 134 divide 1805303?
False
Is 484760080 a multiple of 16?
True
Does 1134 divide 69225030?
True
Does 4715 divide 214579650?
True
Is 579 a factor of 72725038?
False
Is 91532896 a multiple of 884?
True
Is 1608 a factor of 1139822905?
False
Does 144 divide 9980803?
False
Does 18 divide 420156540?
True
Does 8017 divide 248230371?
True
Is 49197000 a multiple of 713?
True
Does 275 divide 3053042214?
False
Does 66 divide 18800945?
False
Is 2277 a factor of 168104079?
True
Does 66 divide 401509791?
False
Does 22 divide 188820257?
False
Is 2136296 a multiple of 21?
False
Is 1148 a factor of 86797631?
False
Is 178 a factor of 2956984233?
False
Is 81 a factor of 97979337?
False
Is 9 a factor of 99042467?
False
Is 2765828974 a multiple of 38?
True
Is 61357008 a multiple of 552?
True
Does 2385 divide 406122570?
True
Is 440511274 a multiple of 7?
True
Is 26 a factor of 504182796?
True
Is 1508 a factor of 75541931?
False
Is 1015157333 a multiple of 1278?
False
Does 111 divide 51289664?
False
Does 52 divide 996701386?
False
Is 16 a factor of 11813409?
False
Does 402 divide 198088320?
False
Does 304 divide 31912400?
True
Is 21749861 a multiple of 72?
False
Is 362605596 a multiple of 27?
False
Is 4358679 a multiple of 7?
False
Is 1936 a factor of 57277901?
False
Is 4943631417 a multiple of 18153?
False
Does 1684 divide 573341376?
True
Does 10 divide 451345700?
True
Is 4 a factor of 2386993?
False
Does 866 divide 35675627?
False
Does 91 divide 38015571?
False
Does 40 divide 32070293?
False
Does 1174 divide 31477591?
False
Is 191909941 a multiple of 283?
True
Does 67 divide 310570398?
False
Is 2 a factor of 49313377?
False
Does 3 divide 8381611?
False
Does 675 divide 29022300?
True
Is 18 a factor of 165150060?
False
Is 474 a factor of 17422668?
False
Is 8542 a factor of 500604785?
False
Is 135054434 a multiple of 72?
False
Is 278 a factor of 3697275858?
False
Is 13 a factor of 1489911640?
False
Does 40 divide 407412440?
True
Is 13275280 a multiple of 16?
True
Is 34689360 even?
True
Is 13 a factor of 20805187?
True
Does 251 divide 15710341?
True
Is 6700 a factor of 1995976900?
True
Is 24 a factor of 1183605153?
False
Does 3 divide 71287983?
True
Does 138 divide 22385255?
False
Is 91851264 a multiple of 1929?
True
Is 11159185 a multiple of 14?
False
Is 99752718 a multiple of 13?
True
Is 489132537 a multiple of 38?
False
Does 5769 divide 2337102666?
True
Is 856 a factor of 701756896?
False
Is 6070467 a multiple of 39?
True
Is 14 a factor of 1792372750?
True
Is 55053796 a multiple of 1956?
False
Does 4756 divide 28415984?
False
Is 5611570 a multiple of 58?
False
Is 38 a factor of 22614142?
True
Is 180 a factor of 47657376?
False
Is 30358986 a multiple of 1847?
False
Is 320331665 a multiple of 365?
True
Is 72 a factor of 483110280?
True
Is 47 a factor of 5415347539?
False
Is 258204976 a multiple of 424?
True
Is 60 a factor of 76896525?
False
Is 4171 a factor of 31703771?
True
Does 4929 divide 6964339396?
False
Is 54905817 a multiple of 3258?
False
Is 369724798 a multiple of 6?
False
Is 40 a factor of 101877857?
False
Is 6 a factor of 27426194?
False
Does 205 divide 407562960?
True
Does 31 divide 96683028?
False
Is 2407236 a multiple of 13?
True
Is 755 a factor of 994041305?
True
Does 10 divide 106587438?
False
Does 2075 divide 684482488?
False
Does 3547 divide 13829753?
True
Is 3717093 a multiple of 3330?
False
Is 94 a factor of 41164635?
False
Is 9585576 a multiple of 171?
True
Is 26 a factor of 30087055?
False
Does 171 divide 24973583?
False
Is 3139574615 a multiple of 213?
False
Does 175 divide 20501075?
True
Does 140 divide 1697686620?
True
Does 189 divide 104877234?
True
Is 76446536 a multiple of 4348?
True
Is 49435830 a multiple of 409?
True
Is 103563966 a multiple of 723?
True
Does 8 divide 31975696?
True
Is 783167125 a multiple of 7075?
True
Is 62 a factor of 34953554?
True
Is 10 a factor of 1266851330?
True
Does 134 divide 207901804?
True
Does 15 divide 1618357620?
True
Is 30 a factor of 96710065?
False
Is 15872976 a multiple of 54?
True
Is 8 a factor of 702234?
False
Does 372 divide 21154962?
False
Is 4 a factor of 643422116?
True
Is 1851017023 a multiple of 31?
False
Is 14 a factor of 364757792?
True
Is 107 a factor of 1620047907?
False
Is 1116 a factor of 489880476?
True
Is 39 a factor of 3633233?
False
Is 6 a factor of 13245152?
False
Is 2258 a factor of 4740178756?
True
Is 380503006 a multiple of 494?
True
Does 27 divide 132145668?
True
Is 5539919 a multiple of 11?
True
Is 216368352 a multiple of 18?
True
Is 12 a factor of 4418432126?
False
Is 11782947 a multiple of 781?
True
Does 1664 divide 176219702?
False
Is 179 a factor of 44553260?
False
Is 85 a factor of 29574884?
False
Is 47 a factor of 6196950?
True
Does 6 divide 127196381?
False
Is 15110412 a multiple of 139?
True
Is 3572285297 a multiple of 3241?
True
Does 21 divide 133302393?
True
Does 15 divide 17622240?
True
Is 668 a factor of 7106009?
False
Is 30 a factor of 24196968?
False
Is 9 a factor of 30483268?
False
Is 1788151392 a multiple of 51?
True
Is 1376619852 a multiple of 426?
True
Is 1501 a factor of 25108172?
False
Is 25 a factor of 3597870650?
True
Is 156 a factor of 206780277?
False
Is 24622976 a multiple of 32?
True
Is 10 a factor of 192936428?
False
Is 15 a factor of 237489427?
False
Is 551521017 a multiple of 1041?
False
Is 500458942 a multiple of 2947?
False
Does 168 divide 36557518?
False
Is 982333680 a multiple of 138?
True
Is 514 a factor of 1095379746?
True
Is 16 a factor of 59080534?
False
Is 85834402 a multiple of 514?
True
Does 34 divide 24904082?
True
Does 7 divide 61383274?
False
Is 16825664 a multiple of 4?
True
Is 44 a factor of 88789977?
False
Is 363729756 a multiple of 39?
True
Is 38 a factor of 299633536?
False
Does 671 divide 17437948?
True
Is 17070760 a multiple of 832?
False
Is 10601415 a multiple of 240?
False
Is 80792888 a multiple of 142?
True
Does 59 divide 35978495?
True
Is 35301884 a multiple of 115?
False
Is 139824994 a multiple of 496?
False
Is 20548021 a multiple of 313?
False
Does 256 divide 206117120?
True
Is 160917306 a multiple of 11?
True
Is 238567428 a multiple of 198?
True
Is 108721690 a multiple of 322?
True
Is 934617782 a multiple of 810?
False
Is 3145280 a multiple of 40?
True
Is 9683744 a multiple of 238?
True
Is 10734421 a multiple of 65?
False
Is 26353859 a multiple of 17?
True
Is 202 a factor of 140191838?
True
Is 1640 a factor of 170510800?
True
Is 386 a factor of 119862650?
True
Is 249 a factor of 58800603?
True
Is 21689111 a multiple of 2272?
False
Is 898 a factor of 115653420?
True
Does 2177 divide 14159208?
True
Is 84 a factor of 433858320?
True
Is 22917991 even?
False
Is 370607118 a multiple of 287?
True
Is 26391635 a multiple of 101?
False
Is 29271780 a multiple of 342?
True
Is 3688471677 a multiple of 689?
False
Does 22 divide 58496592?
True
Is 7 a factor of 56442588?
False
Is 440234220 a multiple of 4020?
True
Is 306318428 a multiple of 2?
True
Is 10046172 a multiple of 674?
False
Is 12 a factor of 128140140?
True
Is 4 a factor of 593629460?
True
Does 150 divide 728884643?
False
Is 74 a factor of 165809654?
True
Does 2422 divide 143074806?
True
Does 300 divide 8085600?
True
Does 12 divide 200488273?
False
Is 725551860 a multiple of 60?
True
Is 192 a factor of 50631190?
False
Is 11 a factor of 975779147?
False
Does 10 divide 19666550?
True
Is 10081537 a multiple of 103?
True
Is 119521402 a multiple of 794?
False
Does 9 divide 983044155?
False
Does 734 divide 236149419?
False
Is 66 a factor of 60317277?
False
Does 1641 divide 2845685748?
False
Does 52 divide 786138842?
False
Is 13 a factor of 2447649850?
False
Does 996 divide 16254720?
True
